.
-4
Let i(n) = n**3 - 17*n**2 + 73*n. Calculate i(8).
8
Let g(d) = -d**2 - 10*d + 76. Give g(-16).
-20
Let c(d) = -14*d - 10. What is c(-4)?
46
Let v(g) = 30*g - 319. Calculate v(10).
-19
Let l(b) = b**3 + 4*b**2 + b + 7. Calculate l(-5).
-23
Let m(y) = -y**3 + 4*y**2 + 8*y - 9. Give m(6).
-33
Let a(n) = n**2 + 9*n + 9. What is a(-13)?
61
Let t(r) = 7*r - 32. Determine t(4).
-4
Let z(t) = -t**2 + 48*t + 261. Give z(53).
-4
Let y(k) = 6*k - 7. Determine y(-7).
-49
Let g(o) = -o**2 + 14*o - 20. What is g(14)?
-20
Let h(k) = -3*k**3 + 3*k**2 - 5*k + 7. Determine h(3).
-62
Let u(s) = 2*s**2 - 29*s - 10. What is u(15)?
5
Let f(l) = l**2 - 2*l - 23. What is f(-5)?
12
Let m(x) = x**3 - 10*x**2 + 11*x + 6. Give m(9).
24
Let t(x) = x**2 + 29*x + 63. Determine t(-27).
9
Let f(s) = s**3 + 16*s**2 + 14*s - 33. Calculate f(-15).
-18
Let f(z) = -z**2 - 2*z + 7. What is f(3)?
-8
Let a(k) = 2*k**2 - 2*k - 5. Calculate a(-3).
19
Let q(w) = -w**2 - w + 119. What is q(-11)?
9
Let r(l) = -5*l - 57. Calculate r(-10).
-7
Let a(u) = u**2 - 18*u - 7. Give a(18).
-7
Let y(j) = j**3 + 3. Calculate y(0).
3
Let y(v) = -2*v**3 - v**2 + 5*v + 4. Give y(-2).
6
Let c(b) = -4*b - 6. What is c(-4)?
10
Let w(i) = 18*i + 15. Give w(-3).
-39
Let u(l) = l**2 + 12*l - 13. Give u(-12).
-13
Let b(g) = -11*g**2 + 7*g + 4. Calculate b(-1).
-14
Let p(a) = -a**2 - 7*a + 5. What is p(-10)?
-25
Let c(i) = 50*i**2 - 2*i + 2. Calculate c(1).
50
Let y(n) = -17*n - 531. Calculate y(-31).
-4
Let x(a) = a**3 + 2*a**2 - 12*a - 3. Give x(3).
6
Let m(q) = q**3 - 39*q**2 + 72*q + 64. Give m(37).
-10
Let t(d) = -d**2 - 4*d - 7. Calculate t(-3).
-4
Let d(b) = -3*b**3 + 2*b**2 - b + 2. Calculate d(2).
-16
Let m(q) = -q**3 - 40*q**2 + 2. Calculate m(-40).
2
Let q(x) = x**2 - 6*x - 210. Give q(-11).
-23
Let k(t) = t**2 + 3*t - 7. Determine k(2).
3
Let m(b) = -6*b - 18. What is m(10)?
-78
Let l(u) = u**3 - 5*u**2 - 10*u - 28. Give l(7).
0
Let w(q) = -q**3 - 7*q**2 + 13*q - 9. Give w(-9).
36
Let u(s) = -s**2 - 17*s + 22. What is u(-18)?
4
Let v(a) = -5*a**3 + a**2 + 2*a - 1. Give v(1).
-3
Let h(p) = p**2 - 9*p. Give h(7).
-14
Let u(z) = z**2 - 10*z + 4. Give u(8).
-12
Let p(n) = -6*n + 2. Determine p(11).
-64
Let f(k) = -4*k**3 - k**2 + k - 41. Calculate f(0).
-41
Let v(k) = -6*k - 18. Give v(-4).
6
Let o(a) = -2*a - 23. Determine o(-2).
-19
Let l(g) = 42*g + 270. What is l(-7)?
-24
Let h(z) = -4*z + 16. What is h(-18)?
88
Let q(z) = -z**2 + 30*z - 190. Determine q(9).
-1
Let j(m) = m**2 - 9*m - 12. Give j(9).
-12
Let d(z) = z**3 - 5*z**2 - 2*z + 3. Calculate d(5).
-7
Let g(s) = -3*s**2 + 6*s - 4. Give g(2).
-4
Let g(m) = -m + 31. Determine g(26).
5
Let y(t) = 3*t**3 - 5*t**2 + 4*t - 2. What is y(3)?
46
Let i(a) = a**3 + 9*a**2 + 7*a + 6. What is i(-7)?
55
Let c(b) = 4*b + 14. Determine c(-6).
-10
Let h(y) = y**3 + 21*y**2 - 21*y + 29. What is h(-22)?
7
Let z(f) = 14*f - 43. What is z(3)?
-1
Let r(m) = m**3 - 5*m**2 + 2*m + 8. Calculate r(4).
0
Let t(g) = g**3 - 6*g**2 + g - 6. What is t(5)?
-26
Let i(m) = -28*m + 278. Give i(10).
-2
Let g(j) = -3*j**2 + j + 5. Give g(3).
-19
Let z(u) = 3*u**2 + 27*u + 31. Determine z(-8).
7
Let l(b) = 5*b - 1. What is l(6)?
29
Let z(l) = 5*l + 4. What is z(2)?
14
Let d(f) = -f**2 - 18*f - 18. Determine d(-12).
54
Let z(n) = -2*n**2 + 2*n + 120. Give z(-7).
8
Let f(c) = -8*c + 132. Give f(19).
-20
Let u(b) = -b + 12. Give u(-11).
23
Let i(d) = 2*d**3 - 8*d**2 + 3*d + 6. Determine i(5).
71
Let c(b) = -b**2 - b + 14. Calculate c(5).
-16
Let o(x) = x**2 - 21*x + 87. Give o(5).
7
Let x(f) = -f**2 + 8*f - 20. Determine x(7).
-13
Let d(y) = 7*y**2 + 30*y - 3. Give d(-4).
-11
Let b(h) = 4*h + 33. Calculate b(-7).
5
Let i(o) = -o**3 - o**2 + 20*o + 4. Determine i(4).
4
Let v(k) = 2*k**3 - 2*k**2 - k - 105. What is v(0)?
-105
Let k(l) = 10*l**3 + 2*l**2 + 3*l. Calculate k(-2).
-78
Let s(z) = -2*z - 38. Determine s(-11).
-16
Let i(m) = -3*m**3 + 8*m**2 + 4*m + 1. Give i(4).
-47
Let f(n) = -14*n. Give f(2).
-28
Let j(c) = -30*c - 7. What is j(-1)?
23
Let q(x) = -13*x - 14. Give q(6).
-92
Let q(o) = o**3 + 12*o**2 - 22*o + 9. Calculate q(-14).
-75
Let i(q) = -2*q**2 + 15*q - 8. Calculate i(6).
10
Let n(k) = k**2 + 21*k - 233. Calculate n(-29).
-1
Let x(c) = 2*c**3 + 5*c**2 + 2. What is x(0)?
2
Let d(f) = -36*f + 37. Calculate d(1).
1
Let s(c) = c**3 - 4*c**2 - 10*c + 7. Calculate s(6).
19
Let a(w) = w**2 + 13*w + 22. What is a(-9)?
-14
Let o(g) = 8*g**2 - 2*g + 1. Give o(1).
7
Let t(r) = r**3 + 9*r**2 + 3*r + 16. Calculate t(-9).
-11
Let m(q) = -q**3 - 5*q**2 + 3*q - 13. Determine m(-6).
5
Let o(u) = u**3 + 7*u**2 - 2*u + 1. Determine o(-5).
61
Let p(j) = -j**2 + 26*j - 105. Determine p(6).
15
Let g(k) = k**3 - 20*k**2 - 3*k + 55. Give g(20).
-5
Let a(g) = -2*g**3 + 37*g**2 - 16*g - 22. What is a(18)?
14
Let i(b) = -b**3 - 3*b**2 - 2*b + 9. Give i(-4).
33
Let l(s) = 15*s - 51. Determine l(3).
-6
Let i(u) = -3*u**2 - 2*u + 2. Determine i(2).
-14
Let a(m) = 42*m - 32. Calculate a(1).
10
Let x(a) = -2*a**3 + 4*a**2 + 2. Calculate x(0).
2
Let o(b) = -b**3 - b**2 - b - 26. What is o(0)?
-26
Let j(t) = t**3 - 7*t**2 - 23*t + 25. Give j(9).
-20
Let n(j) = j**2 + 3*j - 11. Determine n(-6).
7
Let u(n) = 4*n**3 + n**2 + 2*n. Calculate u(-1).
-5
Let c(s) = -s**3 + 3*s**2 + s. Determine c(2).
6
Let n(z) = 2*z**3 - 2*z**2 - 2*z - 1. Give n(3).
29
Let o(h) = 15*h**3 - 2*h**2 + 5*h - 3. Give o(1).
15
Let n(f) = -f**2 + 8*f - 10. Determine n(7).
-3
Let s(x) = -x**3 - 5*x**2 + 8*x + 14. Determine s(-6).
2
Let o(l) = 40*l - 6. Give o(0).
-6
Let b(a) = -a + 38. Determine b(-13).
51
Let w(q) = -4*q - 8. Calculate w(-6).
16
Let g(a) = a**3 - 3*a**2 + 4*a - 4. Give g(3).
8
Let b(h) = -10*h**3 + h**2 - 2*h + 1. Give b(1).
-10
Let t(h) = -11*h - 55. Give t(-6).
11
Let a(g) = g**2 + 4*g - 4. Determine a(-7).
17
Let f(k) = 15*k - 1. What is f(-1)?
-16
Let a(u) = -u**3 - 5*u + 3. What is a(4)?
-81
Let y(f) = 5*f + 1. Determine y(-2).
-9
Let f(w) = -4*w - 51. Determine f(-16).
13
Let l(g) = 31*g**2 + 8*g + 7. Calculate l(-1).
30
Let c(m) = m**3 - m**2 - 2*m - 1. Determine c(-2).
-9
Let z(r) = -r**2 + 10*r - 21. Calculate z(8).
-5
Let v(x) = 2*x**2 + 49*x + 116. What is v(-22)?
6
Let y(l) = l**3 - 6*l**2 + 4*l - 5. Determine y(5).
-10
Let r(v) = 9*v**2 - 7*v - 6. Calculate r(3).
54
Let q(d) = -d**3 - 17*d**2 + 19*d + 29. What is q(-18)?
11
Let k(a) = 2*a - 4. What is k(3)?
2
Let r(l) = l**2 + l - 15. Determine r(0).
-15
Let c(r) = 4*r + 151. Calculate c(-36).
7
Let o(i) = -i**3 + 11*i**2 + 13*i - 13. Give o(12).
-1
Let h(p) = 203*p**2 + 2*p - 1. Calculate h(1).
204
Let w(z) = -2*z**2 + 6*z + 5. What is w(5)?
-15
Let i(f) = f**2 - 12*f - 17. What is i(14)?
11
Let c(o) = -20*o**2 - o - 1. Give c(-1).
-20
Let s(u) = u**3 - 7*u**2 - 3. Calculate s(7).
-3
Let y(z) = 5*z + 2. Determine y(-2).
-8
Let q(d) = d + 16. Determine q(-10).
6
Let g(y) = y - 4. Calculate g(-3).
-7
Let i(j) = -8*j**2 - 7*j - 11. What is i(-2)?
-29
Let s(z) = -6*z + 99. Determine s(18).
-9
Let m(y) = -y**2 + 18*y - 112. What is m(9)?
-31
Let w(a) = -28*a - 17. Calculate w(-2).
39
Let f(u) = u**2 + 5*u - 6. Determine f(-9).
30
Let i(l) = -l**2 - 11*l - 26. Calculate i(-8).
-2
Let r(n) = -4*n**2 + 3*n + 1. What is r(1)?
0
Let w(j) = -5*j - 45. What is w(-3)?
-30
Let y(o) = o**3 - 4*o**2 - 2*o - 1. Give y(4).
-9
Let q(r) = -4*r - 5. What is q(-3)?
7
Let o(f) = 27*f - 162. Give o(6).
0
Let d(q) = q**3 + 9*q**2 - 23*q - 12. What is d(-11)?
-1
Let r(g) = 2*g**2 + 17*g + 4. Determine r(-12).
88
Let g(f) = 6*f + 3. Determine g(-6).
-33
Let k(v) = 2*v**2 + 16*v - 17. What is k(-9)?
1
Let t(f) = -f**2 + 8*f - 7. Calculate t(8).
-7
Let v(f) = -7*f**2 + 11*f + 21. Calculate v(-2).
-29
Let d(p) = -2*p**3 - 11*p**2 - p - 37. Give d(-6).
5
Let s(f) = 3*f**3 - 22*f**2 + 27*f - 12. Calculate s(6).
6
Let x(h) = h**3 + 3*h**2 - 3*h - 10. Give x(-6).
-100
Let z(x) = 5*x + 10. Determine z(11).
65
Let k(s) = -15*s + 939. Determine k(63).
-6
Let n(x) = -x**3 - 20*x**2 + 44*x - 39. Determine n(-22).
-39
Let c(a) = -3*a**2 - a + 3. Determine c(2).
-11
Let w(v) = -2*v**3 + 11*v**2 + v - 29. What is w(5)?
1
Let k(x) = -x**2 + 125*x - 492. Determine k(4).
-8
Let r(z) = 12*z - 94. Determine r(8).
2
Let z(t) = -t**3 - 7*t**2 + 2*t + 15. Calculate z(-7).
1
Let d(s) = s + 